{"id":2317,"date":"2023-07-06T10:38:44","date_gmt":"2023-07-06T14:38:44","guid":{"rendered":"https:\/\/centrocedit.cl\/?page_id=2317"},"modified":"2025-06-17T13:16:09","modified_gmt":"2025-06-17T17:16:09","slug":"klaus-keim","status":"publish","type":"page","link":"https:\/\/cedit.cl\/en\/somos\/klaus-keim\/","title":{"rendered":"Klaus Keim"},"content":{"rendered":"<div data-elementor-type=\"wp-page\" data-elementor-id=\"2317\" class=\"elementor elementor-2317\" data-elementor-post-type=\"page\">\n\t\t\t\t\t\t<section class=\"elementor-section elementor-top-section elementor-element elementor-element-aef4ba0 elementor-section-boxed elementor-section-height-default elementor-section-height-default\" data-id=\"aef4ba0\" data-element_type=\"section\">\n\t\t\t\t\t\t<div class=\"elementor-container elementor-column-gap-default\">\n\t\t\t\t\t<div class=\"elementor-column elementor-col-33 elementor-top-column elementor-element elementor-element-596c869\" data-id=\"596c869\" data-element_type=\"column\">\n\t\t\t<div class=\"elementor-widget-wrap elementor-element-populated\">\n\t\t\t\t\t\t<div class=\"elementor-element elementor-element-53b2297 elementor-widget elementor-widget-image\" data-id=\"53b2297\" data-element_type=\"widget\" data-widget_type=\"image.default\">\n\t\t\t\t<div class=\"elementor-widget-container\">\n\t\t\t\t\t\t\t\t\t\t\t\t\t\t\t<img fetchpriority=\"high\" decoding=\"async\" width=\"768\" height=\"1024\" src=\"https:\/\/cedit.cl\/wp-content\/uploads\/2023\/08\/IMG_0029-768x1024.jpeg\" class=\"attachment-large size-large wp-image-2431\" alt=\"\" srcset=\"https:\/\/cedit.cl\/wp-content\/uploads\/2023\/08\/IMG_0029-768x1024.jpeg 768w, https:\/\/cedit.cl\/wp-content\/uploads\/2023\/08\/IMG_0029-225x300.jpeg 225w, https:\/\/cedit.cl\/wp-content\/uploads\/2023\/08\/IMG_0029-1152x1536.jpeg 1152w, https:\/\/cedit.cl\/wp-content\/uploads\/2023\/08\/IMG_0029-1536x2048.jpeg 1536w, https:\/\/cedit.cl\/wp-content\/uploads\/2023\/08\/IMG_0029-scaled.jpeg 1920w\" sizes=\"(max-width: 768px) 100vw, 768px\" \/>\t\t\t\t\t\t\t\t\t\t\t\t\t\t\t<\/div>\n\t\t\t\t<\/div>\n\t\t\t\t\t<\/div>\n\t\t<\/div>\n\t\t\t\t<div class=\"elementor-column elementor-col-66 elementor-top-column elementor-element elementor-element-d86f8ef\" data-id=\"d86f8ef\" data-element_type=\"column\">\n\t\t\t<div class=\"elementor-widget-wrap elementor-element-populated\">\n\t\t\t\t\t\t<div class=\"elementor-element elementor-element-e62bfa4 elementor-widget elementor-widget-heading\" data-id=\"e62bfa4\" data-element_type=\"widget\" data-widget_type=\"heading.default\">\n\t\t\t\t<div class=\"elementor-widget-container\">\n\t\t\t\t\t<h3 class=\"elementor-heading-title elementor-size-default\">Biography<\/h3>\t\t\t\t<\/div>\n\t\t\t\t<\/div>\n\t\t\t\t<div class=\"elementor-element elementor-element-ba8443a elementor-widget elementor-widget-text-editor\" data-id=\"ba8443a\" data-element_type=\"widget\" data-widget_type=\"text-editor.default\">\n\t\t\t\t<div class=\"elementor-widget-container\">\n\t\t\t\t\t\t\t\t\t<p>Klaus Keim Vera is a thesis student at the UC Atacama Desert Center and a Master's student in Geography and Geomatics at the Institute of Geography of the Pontifical Catholic University of Chile. He holds a degree in Geography from the Pontifical Catholic University of Chile. His areas of expertise are geographic information systems and remote sensing. He is also an adjunct researcher at the Millennium Nucleus Center for the Integrated Development of Territories (CEDIT).<\/p>\t\t\t\t\t\t\t\t<\/div>\n\t\t\t\t<\/div>\n\t\t\t\t<div class=\"elementor-element elementor-element-a090cbc elementor-widget elementor-widget-heading\" data-id=\"a090cbc\" data-element_type=\"widget\" data-widget_type=\"heading.default\">\n\t\t\t\t<div class=\"elementor-widget-container\">\n\t\t\t\t\t<h3 class=\"elementor-heading-title elementor-size-default\">Ongoing projects<\/h3>\t\t\t\t<\/div>\n\t\t\t\t<\/div>\n\t\t\t\t<div class=\"elementor-element elementor-element-c4aa392 elementor-align-left elementor-icon-list--layout-traditional elementor-list-item-link-full_width elementor-widget elementor-widget-icon-list\" data-id=\"c4aa392\" data-element_type=\"widget\" data-widget_type=\"icon-list.default\">\n\t\t\t\t<div class=\"elementor-widget-container\">\n\t\t\t\t\t\t\t<ul class=\"elementor-icon-list-items\">\n\t\t\t\t\t\t\t<li class=\"elementor-icon-list-item\">\n\t\t\t\t\t\t\t\t\t\t\t<span class=\"elementor-icon-list-icon\">\n\t\t\t\t\t\t\t<i aria-hidden=\"true\" class=\"far fa-circle\"><\/i>\t\t\t\t\t\t<\/span>\n\t\t\t\t\t\t\t\t\t\t<span class=\"elementor-icon-list-text\"><b>2022 a la fecha.<\/b> Tesista Fondecyt 11200789<\/span>\n\t\t\t\t\t\t\t\t\t<\/li>\n\t\t\t\t\t\t\t\t<li class=\"elementor-icon-list-item\">\n\t\t\t\t\t\t\t\t\t\t\t<span class=\"elementor-icon-list-icon\">\n\t\t\t\t\t\t\t<i aria-hidden=\"true\" class=\"far fa-circle\"><\/i>\t\t\t\t\t\t<\/span>\n\t\t\t\t\t\t\t\t\t\t<span class=\"elementor-icon-list-text\"><b>2023 a la fecha.<\/b> Ayudante de investigaci\u00f3n en Proyecto de Exploraci\u00f3n ANID \u201cEstablishing the basis for the use of fog water as the main source for agricultural production across The Atacama Desert.\u201d<\/span>\n\t\t\t\t\t\t\t\t\t<\/li>\n\t\t\t\t\t\t<\/ul>\n\t\t\t\t\t\t<\/div>\n\t\t\t\t<\/div>\n\t\t\t\t<div class=\"elementor-element elementor-element-f92fdd4 elementor-widget elementor-widget-spacer\" data-id=\"f92fdd4\" data-element_type=\"widget\" data-widget_type=\"spacer.default\">\n\t\t\t\t<div class=\"elementor-widget-container\">\n\t\t\t\t\t\t\t<div class=\"elementor-spacer\">\n\t\t\t<div class=\"elementor-spacer-inner\"><\/div>\n\t\t<\/div>\n\t\t\t\t\t\t<\/div>\n\t\t\t\t<\/div>\n\t\t\t\t\t<\/div>\n\t\t<\/div>\n\t\t\t\t\t<\/div>\n\t\t<\/section>\n\t\t\t\t<\/div>","protected":false},"excerpt":{"rendered":"<p>Rese\u00f1a Klaus Keim Vera es tesista del Centro Desierto de Atacama UC y adem\u00e1s estudiante del Mag\u00edster en Geograf\u00eda y Geom\u00e1tica del Instituto de Geograf\u00eda de la Pontificia Universidad Cat\u00f3lica &#8230; <a title=\"Klaus Keim\" class=\"read-more\" href=\"https:\/\/cedit.cl\/en\/somos\/klaus-keim\/\" aria-label=\"Read more about Klaus Keim\">Leer m\u00e1s<\/a><\/p>","protected":false},"author":1,"featured_media":0,"parent":3442,"menu_order":0,"comment_status":"closed","ping_status":"closed","template":"elementor_header_footer","meta":{"_acf_changed":false,"_seopress_robots_primary_cat":"","_seopress_titles_title":"","_seopress_titles_desc":"","_seopress_robots_index":"","inline_featured_image":false,"footnotes":""},"class_list":["post-2317","page","type-page","status-publish"],"acf":[],"_links":{"self":[{"href":"https:\/\/cedit.cl\/en\/wp-json\/wp\/v2\/pages\/2317","targetHints":{"allow":["GET"]}}],"collection":[{"href":"https:\/\/cedit.cl\/en\/wp-json\/wp\/v2\/pages"}],"about":[{"href":"https:\/\/cedit.cl\/en\/wp-json\/wp\/v2\/types\/page"}],"author":[{"embeddable":true,"href":"https:\/\/cedit.cl\/en\/wp-json\/wp\/v2\/users\/1"}],"replies":[{"embeddable":true,"href":"https:\/\/cedit.cl\/en\/wp-json\/wp\/v2\/comments?post=2317"}],"version-history":[{"count":18,"href":"https:\/\/cedit.cl\/en\/wp-json\/wp\/v2\/pages\/2317\/revisions"}],"predecessor-version":[{"id":2438,"href":"https:\/\/cedit.cl\/en\/wp-json\/wp\/v2\/pages\/2317\/revisions\/2438"}],"up":[{"embeddable":true,"href":"https:\/\/cedit.cl\/en\/wp-json\/wp\/v2\/pages\/3442"}],"wp:attachment":[{"href":"https:\/\/cedit.cl\/en\/wp-json\/wp\/v2\/media?parent=2317"}],"curies":[{"name":"wp","href":"https:\/\/api.w.org\/{rel}","templated":true}]}}

<div data-elementor-type="wp-page" data-elementor-id="2317" class="elementor elementor-2317" data-elementor-post-type="page">
						<section class="elementor-section elementor-top-section elementor-element elementor-element-aef4ba0 elementor-section-boxed elementor-section-height-default elementor-section-height-default" data-id="aef4ba0" data-element_type="section">
						<div class="elementor-container elementor-column-gap-default">
					<div class="elementor-column elementor-col-33 elementor-top-column elementor-element elementor-element-596c869" data-id="596c869" data-element_type="column">
			<div class="elementor-widget-wrap elementor-element-populated">
						<div class="elementor-element elementor-element-53b2297 elementor-widget elementor-widget-image" data-id="53b2297" data-element_type="widget" data-widget_type="image.default">
				<div class="elementor-widget-container">
															<img fetchpriority="high" decoding="async" width="768" height="1024" src="https://cedit.cl/wp-content/uploads/2023/08/IMG_0029-768x1024.jpeg" class="attachment-large size-large wp-image-2431" alt="" srcset="https://cedit.cl/wp-content/uploads/2023/08/IMG_0029-768x1024.jpeg 768w, https://cedit.cl/wp-content/uploads/2023/08/IMG_0029-225x300.jpeg 225w, https://cedit.cl/wp-content/uploads/2023/08/IMG_0029-1152x1536.jpeg 1152w, https://cedit.cl/wp-content/uploads/2023/08/IMG_0029-1536x2048.jpeg 1536w, https://cedit.cl/wp-content/uploads/2023/08/IMG_0029-scaled.jpeg 1920w" sizes="(max-width: 768px) 100vw, 768px" />															</div>
				</div>
					</div>
		</div>
				<div class="elementor-column elementor-col-66 elementor-top-column elementor-element elementor-element-d86f8ef" data-id="d86f8ef" data-element_type="column">
			<div class="elementor-widget-wrap elementor-element-populated">
						<div class="elementor-element elementor-element-e62bfa4 elementor-widget elementor-widget-heading" data-id="e62bfa4" data-element_type="widget" data-widget_type="heading.default">
				<div class="elementor-widget-container">
					<h3 class="elementor-heading-title elementor-size-default">Biography</h3>				</div>
				</div>
				<div class="elementor-element elementor-element-ba8443a elementor-widget elementor-widget-text-editor" data-id="ba8443a" data-element_type="widget" data-widget_type="text-editor.default">
				<div class="elementor-widget-container">
									<p>Klaus Keim Vera is a thesis student at the UC Atacama Desert Center and a Master's student in Geography and Geomatics at the Institute of Geography of the Pontifical Catholic University of Chile. He holds a degree in Geography from the Pontifical Catholic University of Chile. His areas of expertise are geographic information systems and remote sensing. He is also an adjunct researcher at the Millennium Nucleus Center for the Integrated Development of Territories (CEDIT).</p>								</div>
				</div>
				<div class="elementor-element elementor-element-a090cbc elementor-widget elementor-widget-heading" data-id="a090cbc" data-element_type="widget" data-widget_type="heading.default">
				<div class="elementor-widget-container">
					<h3 class="elementor-heading-title elementor-size-default">Ongoing projects</h3>				</div>
				</div>
				<div class="elementor-element elementor-element-c4aa392 elementor-align-left elementor-icon-list--layout-traditional elementor-list-item-link-full_width elementor-widget elementor-widget-icon-list" data-id="c4aa392" data-element_type="widget" data-widget_type="icon-list.default">
				<div class="elementor-widget-container">
							<ul class="elementor-icon-list-items">
							<li class="elementor-icon-list-item">
											<span class="elementor-icon-list-icon">
							<i aria-hidden="true" class="far fa-circle"></i>						</span>
										<span class="elementor-icon-list-text"><b>2022 a la fecha.</b> Tesista Fondecyt 11200789</span>
									</li>
								<li class="elementor-icon-list-item">
											<span class="elementor-icon-list-icon">
							<i aria-hidden="true" class="far fa-circle"></i>						</span>
										<span class="elementor-icon-list-text"><b>2023 a la fecha.</b> Ayudante de investigación en Proyecto de Exploración ANID “Establishing the basis for the use of fog water as the main source for agricultural production across The Atacama Desert.”</span>
									</li>
						</ul>
						</div>
				</div>
				<div class="elementor-element elementor-element-f92fdd4 elementor-widget elementor-widget-spacer" data-id="f92fdd4" data-element_type="widget" data-widget_type="spacer.default">
				<div class="elementor-widget-container">
							<div class="elementor-spacer">
			<div class="elementor-spacer-inner"></div>
		</div>
						</div>
				</div>
					</div>
		</div>
					</div>
		</section>
				</div>

<p>Reseña Klaus Keim Vera es tesista del Centro Desierto de Atacama UC y además estudiante del Magíster en Geografía y Geomática del Instituto de Geografía de la Pontificia Universidad Católica &#8230; <a title="Klaus Keim" class="read-more" href="https://cedit.cl/en/somos/klaus-keim/" aria-label="Read more about Klaus Keim">Leer más</a></p>
