{"id":2286,"date":"2023-07-06T10:38:44","date_gmt":"2023-07-06T14:38:44","guid":{"rendered":"https:\/\/centrocedit.cl\/?page_id=2286"},"modified":"2025-06-17T13:13:58","modified_gmt":"2025-06-17T17:13:58","slug":"jazmine-calabrese","status":"publish","type":"page","link":"https:\/\/cedit.cl\/en\/somos\/jazmine-calabrese\/","title":{"rendered":"Jazmine Calabrese"},"content":{"rendered":"<div data-elementor-type=\"wp-page\" data-elementor-id=\"2286\" class=\"elementor elementor-2286\" data-elementor-post-type=\"page\">\n\t\t\t\t\t\t<section class=\"elementor-section elementor-top-section elementor-element elementor-element-aef4ba0 elementor-section-boxed elementor-section-height-default elementor-section-height-default\" data-id=\"aef4ba0\" data-element_type=\"section\">\n\t\t\t\t\t\t<div class=\"elementor-container elementor-column-gap-default\">\n\t\t\t\t\t<div class=\"elementor-column elementor-col-33 elementor-top-column elementor-element elementor-element-596c869\" data-id=\"596c869\" data-element_type=\"column\">\n\t\t\t<div class=\"elementor-widget-wrap elementor-element-populated\">\n\t\t\t\t\t\t<div class=\"elementor-element elementor-element-53b2297 elementor-widget elementor-widget-image\" data-id=\"53b2297\" data-element_type=\"widget\" data-widget_type=\"image.default\">\n\t\t\t\t<div class=\"elementor-widget-container\">\n\t\t\t\t\t\t\t\t\t\t\t\t\t\t\t<img fetchpriority=\"high\" decoding=\"async\" width=\"1018\" height=\"1024\" src=\"https:\/\/cedit.cl\/wp-content\/uploads\/2023\/07\/FOTO_UC-2-1018x1024.jpg\" class=\"attachment-large size-large wp-image-2288\" alt=\"\" srcset=\"https:\/\/cedit.cl\/wp-content\/uploads\/2023\/07\/FOTO_UC-2-1018x1024.jpg 1018w, https:\/\/cedit.cl\/wp-content\/uploads\/2023\/07\/FOTO_UC-2-298x300.jpg 298w, https:\/\/cedit.cl\/wp-content\/uploads\/2023\/07\/FOTO_UC-2-150x150.jpg 150w, https:\/\/cedit.cl\/wp-content\/uploads\/2023\/07\/FOTO_UC-2-768x772.jpg 768w, https:\/\/cedit.cl\/wp-content\/uploads\/2023\/07\/FOTO_UC-2.jpg 1073w\" sizes=\"(max-width: 1018px) 100vw, 1018px\" \/>\t\t\t\t\t\t\t\t\t\t\t\t\t\t\t<\/div>\n\t\t\t\t<\/div>\n\t\t\t\t\t<\/div>\n\t\t<\/div>\n\t\t\t\t<div class=\"elementor-column elementor-col-66 elementor-top-column elementor-element elementor-element-d86f8ef\" data-id=\"d86f8ef\" data-element_type=\"column\">\n\t\t\t<div class=\"elementor-widget-wrap elementor-element-populated\">\n\t\t\t\t\t\t<div class=\"elementor-element elementor-element-e62bfa4 elementor-widget elementor-widget-heading\" data-id=\"e62bfa4\" data-element_type=\"widget\" data-widget_type=\"heading.default\">\n\t\t\t\t<div class=\"elementor-widget-container\">\n\t\t\t\t\t<h3 class=\"elementor-heading-title elementor-size-default\">Biography<\/h3>\t\t\t\t<\/div>\n\t\t\t\t<\/div>\n\t\t\t\t<div class=\"elementor-element elementor-element-ba8443a elementor-widget elementor-widget-text-editor\" data-id=\"ba8443a\" data-element_type=\"widget\" data-widget_type=\"text-editor.default\">\n\t\t\t\t<div class=\"elementor-widget-container\">\n\t\t\t\t\t\t\t\t\t<p>Jazmine Calabrese Fern\u00e1ndez es ge\u00f3grafa de la Pontificia Universidad Cat\u00f3lica de Chile (UC) y M\u00e1ster en Tecnolog\u00edas de la Informaci\u00f3n Geogr\u00e1fica por la Universidad de Alcal\u00e1 (Espa\u00f1a). Se desempe\u00f1a como acad\u00e9mica en el Instituto de Geograf\u00eda UC, investigadora y consultora independiente. Se ha especializado en la utilizaci\u00f3n de informaci\u00f3n geoespacial y la aplicaci\u00f3n de Sistemas de Informaci\u00f3n de Geogr\u00e1fica como apoyo a la toma de decisiones en el \u00e1mbito p\u00fablico y privado. Es investigadora adjunta en el Millenium Nucleus Center for the Integrated Development of Territories (CEDIT).<\/p>\t\t\t\t\t\t\t\t<\/div>\n\t\t\t\t<\/div>\n\t\t\t\t<div class=\"elementor-element elementor-element-f92fdd4 elementor-widget elementor-widget-spacer\" data-id=\"f92fdd4\" data-element_type=\"widget\" data-widget_type=\"spacer.default\">\n\t\t\t\t<div class=\"elementor-widget-container\">\n\t\t\t\t\t\t\t<div class=\"elementor-spacer\">\n\t\t\t<div class=\"elementor-spacer-inner\"><\/div>\n\t\t<\/div>\n\t\t\t\t\t\t<\/div>\n\t\t\t\t<\/div>\n\t\t\t\t\t<\/div>\n\t\t<\/div>\n\t\t\t\t\t<\/div>\n\t\t<\/section>\n\t\t\t\t<\/div>","protected":false},"excerpt":{"rendered":"<p>Rese\u00f1a Jazmine Calabrese Fern\u00e1ndez es ge\u00f3grafa de la Pontificia Universidad Cat\u00f3lica de Chile (UC) y M\u00e1ster en Tecnolog\u00edas de la Informaci\u00f3n Geogr\u00e1fica por la Universidad de Alcal\u00e1 (Espa\u00f1a). Se desempe\u00f1a &#8230; <a title=\"Jazmine Calabrese\" class=\"read-more\" href=\"https:\/\/cedit.cl\/en\/somos\/jazmine-calabrese\/\" aria-label=\"Read more about Jazmine Calabrese\">Leer m\u00e1s<\/a><\/p>","protected":false},"author":1,"featured_media":0,"parent":3442,"menu_order":0,"comment_status":"closed","ping_status":"closed","template":"elementor_header_footer","meta":{"_acf_changed":false,"_seopress_robots_primary_cat":"","_seopress_titles_title":"","_seopress_titles_desc":"","_seopress_robots_index":"","inline_featured_image":false,"footnotes":""},"class_list":["post-2286","page","type-page","status-publish"],"acf":[],"_links":{"self":[{"href":"https:\/\/cedit.cl\/en\/wp-json\/wp\/v2\/pages\/2286","targetHints":{"allow":["GET"]}}],"collection":[{"href":"https:\/\/cedit.cl\/en\/wp-json\/wp\/v2\/pages"}],"about":[{"href":"https:\/\/cedit.cl\/en\/wp-json\/wp\/v2\/types\/page"}],"author":[{"embeddable":true,"href":"https:\/\/cedit.cl\/en\/wp-json\/wp\/v2\/users\/1"}],"replies":[{"embeddable":true,"href":"https:\/\/cedit.cl\/en\/wp-json\/wp\/v2\/comments?post=2286"}],"version-history":[{"count":10,"href":"https:\/\/cedit.cl\/en\/wp-json\/wp\/v2\/pages\/2286\/revisions"}],"predecessor-version":[{"id":2395,"href":"https:\/\/cedit.cl\/en\/wp-json\/wp\/v2\/pages\/2286\/revisions\/2395"}],"up":[{"embeddable":true,"href":"https:\/\/cedit.cl\/en\/wp-json\/wp\/v2\/pages\/3442"}],"wp:attachment":[{"href":"https:\/\/cedit.cl\/en\/wp-json\/wp\/v2\/media?parent=2286"}],"curies":[{"name":"wp","href":"https:\/\/api.w.org\/{rel}","templated":true}]}}

<div data-elementor-type="wp-page" data-elementor-id="2286" class="elementor elementor-2286" data-elementor-post-type="page">
						<section class="elementor-section elementor-top-section elementor-element elementor-element-aef4ba0 elementor-section-boxed elementor-section-height-default elementor-section-height-default" data-id="aef4ba0" data-element_type="section">
						<div class="elementor-container elementor-column-gap-default">
					<div class="elementor-column elementor-col-33 elementor-top-column elementor-element elementor-element-596c869" data-id="596c869" data-element_type="column">
			<div class="elementor-widget-wrap elementor-element-populated">
						<div class="elementor-element elementor-element-53b2297 elementor-widget elementor-widget-image" data-id="53b2297" data-element_type="widget" data-widget_type="image.default">
				<div class="elementor-widget-container">
															<img fetchpriority="high" decoding="async" width="1018" height="1024" src="https://cedit.cl/wp-content/uploads/2023/07/FOTO_UC-2-1018x1024.jpg" class="attachment-large size-large wp-image-2288" alt="" srcset="https://cedit.cl/wp-content/uploads/2023/07/FOTO_UC-2-1018x1024.jpg 1018w, https://cedit.cl/wp-content/uploads/2023/07/FOTO_UC-2-298x300.jpg 298w, https://cedit.cl/wp-content/uploads/2023/07/FOTO_UC-2-150x150.jpg 150w, https://cedit.cl/wp-content/uploads/2023/07/FOTO_UC-2-768x772.jpg 768w, https://cedit.cl/wp-content/uploads/2023/07/FOTO_UC-2.jpg 1073w" sizes="(max-width: 1018px) 100vw, 1018px" />															</div>
				</div>
					</div>
		</div>
				<div class="elementor-column elementor-col-66 elementor-top-column elementor-element elementor-element-d86f8ef" data-id="d86f8ef" data-element_type="column">
			<div class="elementor-widget-wrap elementor-element-populated">
						<div class="elementor-element elementor-element-e62bfa4 elementor-widget elementor-widget-heading" data-id="e62bfa4" data-element_type="widget" data-widget_type="heading.default">
				<div class="elementor-widget-container">
					<h3 class="elementor-heading-title elementor-size-default">Biography</h3>				</div>
				</div>
				<div class="elementor-element elementor-element-ba8443a elementor-widget elementor-widget-text-editor" data-id="ba8443a" data-element_type="widget" data-widget_type="text-editor.default">
				<div class="elementor-widget-container">
									<p>Jazmine Calabrese Fernández es geógrafa de la Pontificia Universidad Católica de Chile (UC) y Máster en Tecnologías de la Información Geográfica por la Universidad de Alcalá (España). Se desempeña como académica en el Instituto de Geografía UC, investigadora y consultora independiente. Se ha especializado en la utilización de información geoespacial y la aplicación de Sistemas de Información de Geográfica como apoyo a la toma de decisiones en el ámbito público y privado. Es investigadora adjunta en el Millenium Nucleus Center for the Integrated Development of Territories (CEDIT).</p>								</div>
				</div>
				<div class="elementor-element elementor-element-f92fdd4 elementor-widget elementor-widget-spacer" data-id="f92fdd4" data-element_type="widget" data-widget_type="spacer.default">
				<div class="elementor-widget-container">
							<div class="elementor-spacer">
			<div class="elementor-spacer-inner"></div>
		</div>
						</div>
				</div>
					</div>
		</div>
					</div>
		</section>
				</div>

<p>Reseña Jazmine Calabrese Fernández es geógrafa de la Pontificia Universidad Católica de Chile (UC) y Máster en Tecnologías de la Información Geográfica por la Universidad de Alcalá (España). Se desempeña &#8230; <a title="Jazmine Calabrese" class="read-more" href="https://cedit.cl/en/somos/jazmine-calabrese/" aria-label="Read more about Jazmine Calabrese">Leer más</a></p>
